e (-2)/4 - 75/(-6). Suppose -11*j - 149 = -g*j. Suppose 46 + j = 5*l. Calculate the remainder when 154 is divided by l.
37
Suppose -5*f - 22 = -6*f. Let s be (-6 - (3 - 5)) + 6. Suppose -s*g = -4*h + 4, 4*h - 12 = -4*g + 16. What is the remainder when f is divided by h?
1
Suppose 443 = 4*b - 2*y + 189, b - 2*y = 53. What is the remainder when b is divided by -3*(-4 - (-2 + 1))?
4
Let w = 108 + -74. Calculate the remainder when ((-16)/(80/(-3)))/((-24)/(-5080)) is divided by w.
25
Let k = 1238 + -1211. Calculate the remainder when k is divided by 19.
8
Let v(z) = z**3 + 127*z**2 + 554*z - 355. What is the remainder when v(-122) is divided by 341?
339
What is the remainder when (-6326)/(-16) - (((-2725)/40)/5 - -14) is divided by 50?
45
Let g(m) = 9*m**2 - 5*m + 4. Let v be g(3). Suppose 0*n = 2*n - v. Calculate the remainder when n is divided by 2/(-3) + (-2368)/(-222).
5
Let c = 1519 - 1334. Calculate the remainder when c is divided by 72.
41
Let s be 4*((-9)/2 + (-2 - -5)). Let f be 4/(-6) - (-2)/s - -4. Suppose -21 = -f*j - 3*l, 4*j + 0*j + 3*l = 24. Calculate the remainder when 14 is divided by j.
2
Let g(s) be the third derivative of -s**5/60 - s**3/3 - 42*s**2. Let l be g(-2). What is the remainder when (36/l)/(3 - 5) + 37 is divided by 7?
5
Suppose -2*i + 107 = 9. Let a(b) = 11*b - 74. Let x be a(9). Suppose -3*r + 14 = -r + 3*y, -3*y = -r + x. What is the remainder when i is divided by r?
10
Let h = 99415 + -98966. Calculate the remainder when h is divided by (-225)/6*4/(-2).
74
Suppose 0 = 4*k - 1926*o + 1929*o - 3753, 5*o = 2*k - 1831. Calculate the remainder when k is divided by 184.
13
Calculate the remainder when 4650 is divided by (12/5)/(3796/612105).
6
Let q(z) = z**3 - 2*z**2 - 3*z + 3. Let u be q(2). Suppose 103*k - 99*k = -4. Calculate the remainder when 26 - k/(u + 2) is divided by 9.
7
Suppose -45*p - 3*y = -44*p - 14, 0 = -2*p + y + 42. What is the remainder when p + (-2)/(-6)*(-20 + 17) is divided by 16?
3
Calculate the remainder when ((-42)/9 + 6)/(2 - 747600/373806) is divided by 236.
234
Suppose 11 = -2*d + 29. Suppose 2*p - 17 - d = -2*o, 5*p - 5*o - 65 = 0. Let k = -3220 - -3283. Calculate the remainder when k is divided by p.
11
Let v be ((-7 + 62)/(-5))/(-1 - 0). Suppose 10*a = v*a - 16. Calculate the remainder when 94 is divided by a.
14
Suppose -13*h = -0*h - 3393. Suppose 35*p - 31*p = 216. Let u = -1 + p. What is the remainder when h is divided by u?
49
Suppose 0 = 12*z - 18*z + 378. Suppose -m + z = 4. Calculate the remainder when m is divided by 13.
7
Let x = -505 + 3859. Suppose 642 = 9*y - x. What is the remainder when y is divided by 113?
105
Let o(c) = -c**3 - 12*c**2 + 17*c - 52. Let s be o(-19). Suppose 3488 = 30*m - s. What is the remainder when m is divided by 27?
26
Suppose 3*w - 241 = -157. What is the remainder when 146 is divided by w?
6
Suppose 132 + 44 = 4*n. Suppose 9*s - 3163 = 374. What is the remainder when s is divided by n?
41
Let j(a) = -2*a**2 + 2*a + 12. Let o be j(3). Suppose 6*y + o*y = 216. Calculate the remainder when 64 is divided by y.
28
What is the remainder when (-3597508)/(-696) + (-4)/(-10) + (-7)/30 is divided by 110?
109
Suppose -250 = -2*v + 5*y, -161 - 193 = -3*v - 3*y. Let a(w) = -4*w + 9. Suppose x + 20 = 12. What is the remainder when v is divided by a(x)?
38
Suppose -2*x = -3*d + 3 - 1, 3*x = -2*d - 3. Suppose d = -8*v + 4*v + 32. What is the remainder when (-18)/(-5)*100/v is divided by 13?
6
Suppose 54*f - 58*f = -64. Calculate the remainder when 1531 is divided by f.
11
Let m be 1/((-2)/(-28)) + 0. Suppose 5*y - m = 6. Let d = -39 - -41. What is the remainder when y is divided by d?
0
Let a be (-3)/6*(-8 - -2). Let v = 3870 + -3849. What is the remainder when v is divided by 31/2 + a/(-6)?
6
Suppose -2*s + 13*t + 1348 = 17*t, -3*t - 1341 = -2*s. What is the remainder when s is divided by 664?
8
Suppose -5*j + 31*q = 29*q - 3431, 5*q = -2*j + 1384. Calculate the remainder when j is divided by 13.
11
Let c(s) = 673*s - 1159. What is the remainder when 2224 is divided by c(2)?
167
What is the remainder when 60/36 - (-8160)/45 is divided by 39?
27
Let u(z) = 12*z - 24. Let h = 12 - 6. Let p be u(h). Suppose 4*l = 3*a + 35 + 112, 3*a + p = l. Calculate the remainder when 96 is divided by l.
30
Let s(f) = 3*f**3 + 31*f**2 + 9*f + 9. Let r be s(-10). Let b(w) = 8*w + 2*w**2 - r + w**2 + 26. What is the remainder when b(-8) is divided by 34?
33
Let m = -20394 + 24156. Calculate the remainder when m is divided by 145.
137
Let k be (2/4)/((-9)/2178). Let v = 123 + k. Let b(q) = 5*q**3 + 4*q**2 - 4*q + 1. Calculate the remainder when b(v) is divided by 17.
15
Let g(y) be the first derivative of -45*y**2/2 - 15*y - 37. Calculate the remainder when g(-2) is divided by 38.
37
Suppose -850 = -19*l - 6*l. Calculate the remainder when 305 is divided by l.
33
Let a(k) = -35*k + 15. Let v be a(-1). Suppose v*b = 52*b - 76. What is the remainder when 112 is divided by b?
36
Suppose 0 = -3*v - 23*v + 104. Calculate the remainder when 9 is divided by 6/(15/40*v).
1
Suppose 37 + 19 = 14*h. Suppose -f - 4 = -5*m, h*f + f - 8 = -3*m. What is the remainder when 96 is divided by ((-57)/15 + f)/(8/(-40))?
12
Let b = -1910 + 1934. Calculate the remainder when 483 is divided by b.
3
Let c = 2 - -21. What is the remainder when 242 is divided by c?
12
Let y(q) = -3*q - 28. Let i(w) = w**2 - 7*w - 7. Let v be i(6). Let l(p) = 4*p - 46. What is the remainder when y(v) is divided by l(14)?
1
Suppose 3*r = 7*r - 2*h - 20, -38 = -5*r - 4*h. Let x be (-7 + (-19)/(-3))/((-2)/r). Suppose -549 = -5*t + x*t. What is the remainder when t is divided by 37?
35
Let t = 67 - 45. Suppose 15*i = 18*i - 4*l - 69, -4*l = 5*i - 115. Suppose -2*z - 3*z - 38 = -y, -i = -y + 2*z. Calculate the remainder when t is divided by y.
9
Suppose -4*y - 3*u + 1068 = 0, -u + 806 = -y + 4*y. Let i = y - 229. What is the remainder when 79 is divided by i?
38
Let m(k) = 4*k + 119. Let o(r) = -r - 4*r**2 + 3*r + 36*r**3 - 33*r**3. Calculate the remainder when o(3) is divided by m(-23).
24
Let w(j) = -7*j**3 + 2*j**2 + 6*j + 5. Let m be w(-3). Let u = m - 186. What is the remainder when 45 is divided by u?
5
Suppose -8*w = -260 - 580. Suppose 3*l = -4*d + 8*d - 114, -3*d + l + 83 = 0. Calculate the remainder when w is divided by d.
24
Suppose -3*w + 5 = 20, -4*w = 4*f + 28. What is the remainder when (-5)/f*((-535)/(-25) - 5) is divided by 22?
19
Let c = -1814 - -2090. What is the remainder when c is divided by 2?
0
Suppose -8 = 4*m - 0*m. Calculate the remainder when (-4 - 0) + (m - -6) + 141 is divided by 24.
21
Suppose -1376 - 2074 = -75*w. Calculate the remainder when 85 is divided by w.
39
Suppose 36*l - 29*l = 63. Suppose -4*m = -o + 12, 4*m + 51 + l = 5*o. Calculate the remainder when 65 is divided by o.
5
Let u(k) = -k**3 + 2*k**2 + 22*k + 74. What is the remainder when u(-5) is divided by 25?
14
Let h be (18/12)/((-6)/(-272)). Suppose 2*c + 50 = h. Calculate the remainder when 40 is divided by c.
4
What is the remainder when -3 - (-7 - (3 + -7)) - (-1356)/12 is divided by 39?
35
Suppose 0 = -147*d - 89*d + 3540. Calculate the remainder when 774 is divided by d.
9
Suppose 30 - 15 = 5*s. Let f = 15 + s. What is the remainder when 31 is divided by f?
13
Suppose -3*d = l - 1264, -1266 = -l - 65*d + 61*d. What is the remainder when l is divided by 611?
36
Suppose -423*r - 70956 = -435*r. What is the remainder when r is divided by 10?
3
Suppose 620*q - 117*q = 6728890 - 2038918. What is the remainder when q is divided by 19?
14
Let s = 10725 + -10502. Calculate the remainder when 386 is divided by s.
163
Let b = 16453 + -15930. What is the remainder when b is divided by 17?
13
Let a = -4449 - -4644. What is the remainder when 739 is divided by a?
154
Suppose 4*c - 2 = 3*b, -7*c + 6 = -4*c. Suppose 9 = i - 5*f, -b*i + 34*f = 36*f - 54. What is the remainder when 77 is divided by i?
5
Let r = -5031 + 5191. Let m(l) = 3*l**2 + 7*l + 7. What is the remainder when r is divided by m(-5)?
19
Let p = 23655 - 23276. What is the remainder when 1911 is divided by p?
16
Let a = 13 + 41. Let s be 2/4*(-5 - -127). Let i = s - a. What is the remainder when 16 is divided by i?
2
Suppose 764 = 2*b + 64. Suppose -6*s = b - 422. Let c = -27 + 47